{"id":202,"date":"2021-02-14T21:08:06","date_gmt":"2021-02-14T21:08:06","guid":{"rendered":"https:\/\/limitierung.at\/?page_id=202"},"modified":"2021-02-14T21:17:00","modified_gmt":"2021-02-14T21:17:00","slug":"preise","status":"publish","type":"page","link":"https:\/\/limitierung.at\/index.php\/preise\/","title":{"rendered":"Preise"},"content":{"rendered":"\n<h2 class=\"wp-block-heading\">Limitierung und Plombierung der Musikanlage \u2013 Preise.<\/h2>\n\n\n\n<p>Die Limitierung und Plombierung der Musikanlage ist grunds\u00e4tzlich eine Dienstleistung. Sie bezahlen dabei f\u00fcr:<\/p>\n\n\n\n<ul class=\"wp-block-list\"><li>Begutachtung und Bestandsaufnahme<\/li><li>Studieren der Unterlagen \/ Beh\u00f6rdenbescheide<\/li><li><a href=\"https:\/\/limitierung.at\/index.php\/einmessen\/\" target=\"_blank\" rel=\"noreferrer noopener\" title=\"Einmessen\">Einmessen<\/a><\/li><li><a href=\"https:\/\/limitierung.at\/index.php\/limitieren-plombieren\/\" target=\"_blank\" rel=\"noreferrer noopener\" title=\"Limitieren \/ Plombieren\">Limitieren und Plombieren<\/a><\/li><li><a href=\"https:\/\/plombierung.at\/?page_id=54\" target=\"_blank\" rel=\"noreferrer noopener\">Befunderstel<\/a><a href=\"https:\/\/limitierung.at\/index.php\/befunderstellung\/\" target=\"_blank\" rel=\"noreferrer noopener\" title=\"Befunderstellung\">lun<\/a><a href=\"https:\/\/plombierung.at\/?page_id=54\" target=\"_blank\" rel=\"noreferrer noopener\">g<\/a><\/li><\/ul>\n\n\n\n<p>Im einfachsten Fall berechnen wir innerhalb Wiens 349,00 Euro (zzgl. USt.) f\u00fcr das gesamte Verfahren. Dabei ist allerdings zu beachten, dass etwaige Zusatzarbeiten, die nicht hier aufgelistet sind, ggF zus\u00e4tzlich zu berechnen sind. Dies betrifft insbesondere jene F\u00e4lle, dass \u2026<\/p>\n\n\n\n<ul class=\"wp-block-list\"><li>1. ) \u2026 Komponenten der Musikanlage angepasst und \/ oder angeschafft werden m\u00fcssen.<\/li><li>2.) \u2026 zus\u00e4tzliche Arbeiten zur Erf\u00fcllung des Kriterienkatalogs der Beh\u00f6rde erforderlich sind.<\/li><\/ul>\n\n\n\n<p>Punkt-1 bezieht sich beispielsweise auf die etwaige Installation eines Equalizers, mit dem das Musiksignal in seiner Lautheit m\u00f6glicherweise etwas erh\u00f6ht werden kann. Zu Mehrkosten kommt es allerdings auch dann, wenn \u00fcberhaupt noch gar kein geeigneter Limiter bzw. \u201celektronischer Dynamikbegrenzer\u201d vorhanden ist.<\/p>\n\n\n\n<p>Punkt-2 bezieht sich beispielsweise (!) auf die wom\u00f6glich notwendige (Neu-)Installation der vorhandenen Lautsprecher. Dies wird in vielen F\u00e4llen erforderlich, wenn eine Limitierung und Plombierung unter Einhaltung des beh\u00f6rdlichen Kriterienkatalogs ansonsten nicht notwendig ist.<\/p>\n\n\n\n<h2 class=\"wp-block-heading\">Installation, Wartung, Service und Verleih<\/h2>\n\n\n\n<p>Buchen Sie bei uns die Installation, Wartung und Service von Musikanlagen. Bei Bedarf mieten Sie au\u00dferdem Equipment f\u00fcr Ihre Veranstaltung aus unserem Verleih in Wien: <a href=\"https:\/\/beamermieten.at\/\" target=\"_blank\" rel=\"noreferrer noopener\">Beamer, Displays<\/a>, <a href=\"https:\/\/leinwandmieten.at\/\" target=\"_blank\" rel=\"noreferrer noopener\">Leinw\u00e4nde<\/a>, <a href=\"https:\/\/djsetverleih.at\/\" target=\"_blank\" rel=\"noreferrer noopener\">DJ-Equipment<\/a> etc., \u2026<\/p>\n","protected":false},"excerpt":{"rendered":"<p>Limitierung und Plombierung der Musikanlage \u2013 Preise. Die Limitierung und Plombierung der Musikanlage ist grunds\u00e4tzlich eine Dienstleistung. Sie bezahlen dabei f\u00fcr: Begutachtung und Bestandsaufnahme Studieren der Unterlagen \/ Beh\u00f6rdenbescheide Einmessen Limitieren und Plombieren Befunderstellung Im einfachsten Fall berechnen wir innerhalb Wiens 349,00 Euro (zzgl. USt.) f\u00fcr das gesamte Verfahren. Dabei ist allerdings zu beachten, dass &hellip; <\/p>\n<p class=\"link-more\"><a href=\"https:\/\/limitierung.at\/index.php\/preise\/\" class=\"more-link\">Continue reading<span class=\"screen-reader-text\"> &#8220;Preise&#8221;<\/span><\/a><\/p>\n","protected":false},"author":1,"featured_media":0,"parent":0,"menu_order":0,"comment_status":"closed","ping_status":"closed","template":"","meta":{"footnotes":""},"class_list":["post-202","page","type-page","status-publish","hentry"],"aioseo_notices":[],"_links":{"self":[{"href":"https:\/\/limitierung.at\/index.php\/wp-json\/wp\/v2\/pages\/202","targetHints":{"allow":["GET"]}}],"collection":[{"href":"https:\/\/limitierung.at\/index.php\/wp-json\/wp\/v2\/pages"}],"about":[{"href":"https:\/\/limitierung.at\/index.php\/wp-json\/wp\/v2\/types\/page"}],"author":[{"embeddable":true,"href":"https:\/\/limitierung.at\/index.php\/wp-json\/wp\/v2\/users\/1"}],"replies":[{"embeddable":true,"href":"https:\/\/limitierung.at\/index.php\/wp-json\/wp\/v2\/comments?post=202"}],"version-history":[{"count":2,"href":"https:\/\/limitierung.at\/index.php\/wp-json\/wp\/v2\/pages\/202\/revisions"}],"predecessor-version":[{"id":211,"href":"https:\/\/limitierung.at\/index.php\/wp-json\/wp\/v2\/pages\/202\/revisions\/211"}],"wp:attachment":[{"href":"https:\/\/limitierung.at\/index.php\/wp-json\/wp\/v2\/media?parent=202"}],"curies":[{"name":"wp","href":"https:\/\/api.w.org\/{rel}","templated":true}]}}