{"id":35,"date":"2020-07-19T08:55:13","date_gmt":"2020-07-19T08:55:13","guid":{"rendered":"https:\/\/limitierung.at\/?page_id=35"},"modified":"2020-08-25T08:56:57","modified_gmt":"2020-08-25T08:56:57","slug":"einmessen","status":"publish","type":"page","link":"https:\/\/limitierung.at\/index.php\/einmessen\/","title":{"rendered":"Einmessen"},"content":{"rendered":"\n<h2 class=\"wp-block-heading\">Einmessen, Limitierung und Plombierung von Tonanlagen.<\/h2>\n\n\n\n<p>Um eine Tonanlage den beh\u00f6rdlichen oder sonstigen Vorgaben entsprechend limitieren und anschlie\u00dfend plombieren zu k\u00f6nnen, muss diese zun\u00e4chst eingemessen werden. Die Einmessung erfolgt dabei in mehreren Schritten.<\/p>\n\n\n\n<p>Zun\u00e4chst werden grob die Signalpegel den Zielwerten entsprechend angen\u00e4hert und eingestellt. Dabei werden jene Regler im Signalverarbeitungsweg angepasst, die vor dem eigentlichen Limiter liegen. Im Idealfall, um eine klanglich m\u00f6glichst unaufdringliche Limitierung zu erreichen, wird das Eingangssignal in unterschiedliche Frequenzbereiche aufgeteilt. \u00dcblicherweise teilt man zumindest in einen Mittel-\/Hochton sowie Subwoofer-Bereich auf. Jeder dieser Signalwege kann, sofern vorhanden, pegelseitig an die Erfordernisse der Limitierung angepasst werden.<\/p>\n\n\n\n<figure class=\"wp-block-image size-large is-resized\"><img loading=\"lazy\" decoding=\"async\" src=\"https:\/\/limitierung.at\/wp-content\/uploads\/2020\/08\/IMG_20200824_1258500-1024x683.jpg\" alt=\"\" class=\"wp-image-106\" width=\"713\" height=\"475\" srcset=\"https:\/\/limitierung.at\/wp-content\/uploads\/2020\/08\/IMG_20200824_1258500-1024x683.jpg 1024w, https:\/\/limitierung.at\/wp-content\/uploads\/2020\/08\/IMG_20200824_1258500-300x200.jpg 300w, https:\/\/limitierung.at\/wp-content\/uploads\/2020\/08\/IMG_20200824_1258500-768x512.jpg 768w, https:\/\/limitierung.at\/wp-content\/uploads\/2020\/08\/IMG_20200824_1258500-1536x1024.jpg 1536w, https:\/\/limitierung.at\/wp-content\/uploads\/2020\/08\/IMG_20200824_1258500.jpg 1600w\" sizes=\"auto, (max-width: 713px) 100vw, 713px\" \/><figcaption>Schaltbild einer fertigen Tonanlage<\/figcaption><\/figure>\n\n\n\n<h2 class=\"wp-block-heading\">Limiter, Limitierung und anschlie\u00dfende Plombe und Plombierung.<\/h2>\n\n\n\n<p>In einem weiteren Schritt wird am Equalizer gearbeitet. Sowohl die beh\u00f6rdlich vorgeschriebene A-Kurve wie auch die C-Kurve besteht aus der Summe der Werte des jeweiligen Frequenzbereichs. Gibt es hier nun eine Frequenz, die besonders stark hervorsticht, so beeinflusst dies die gesamte jeweilige Kurve. In vielen Situationen kann es daher Sinn machen, dieses eine betreffende Frequenzband derart abzusenken, dass danach die insgesamte Signalst\u00e4rke (in dB gemessen) wiederum angehoben werden kann. Dadurch, dass vermieden wird, dass einzelne Frequenzen das gesamte Messergebnis allzu stark beeinflussen, kann sodann subjektiv eine insgesamt h\u00f6here Lautst\u00e4rke erzielt werden. Beispielsweise w\u00fcrde eine Frequenzanteil im Infraschall- bzw. sehr tiefen Frequenzbereich das Ergebnis der C-Kurve stark beeinflussen. Senkt man diese mittels Equalizer-Funktion etwas ab, k\u00f6nnen wom\u00f6glich die besser h\u00f6r- und sp\u00fcrbaren Bass-Anteile im Frequenzbereich rund um 100Hz im Gegenzug etwas vest\u00e4rkt werden. Dabei wird der vorgeschriebene C-Wert stets beibehalten, allerdings wird der Anteil der h\u00f6r- und dementsprechend nutzbaren Frequenzen sinnvoller Weise erh\u00f6ht. Insgesamt f\u00fchrt dies zu einem besseren Ergebnis und nutzt die vorgeschriebenen Maximalpegelwerte deutlich besser aus.<\/p>\n\n\n\n<p><\/p>\n","protected":false},"excerpt":{"rendered":"<p>Einmessen, Limitierung und Plombierung von Tonanlagen. Um eine Tonanlage den beh\u00f6rdlichen oder sonstigen Vorgaben entsprechend limitieren und anschlie\u00dfend plombieren zu k\u00f6nnen, muss diese zun\u00e4chst eingemessen werden. Die Einmessung erfolgt dabei in mehreren Schritten. Zun\u00e4chst werden grob die Signalpegel den Zielwerten entsprechend angen\u00e4hert und eingestellt. Dabei werden jene Regler im Signalverarbeitungsweg angepasst, die vor dem eigentlichen &hellip; <\/p>\n<p class=\"link-more\"><a href=\"https:\/\/limitierung.at\/index.php\/einmessen\/\" class=\"more-link\">Continue reading<span class=\"screen-reader-text\"> &#8220;Einmessen&#8221;<\/span><\/a><\/p>\n","protected":false},"author":1,"featured_media":0,"parent":0,"menu_order":0,"comment_status":"closed","ping_status":"closed","template":"","meta":{"footnotes":""},"class_list":["post-35","page","type-page","status-publish","hentry"],"aioseo_notices":[],"_links":{"self":[{"href":"https:\/\/limitierung.at\/index.php\/wp-json\/wp\/v2\/pages\/35","targetHints":{"allow":["GET"]}}],"collection":[{"href":"https:\/\/limitierung.at\/index.php\/wp-json\/wp\/v2\/pages"}],"about":[{"href":"https:\/\/limitierung.at\/index.php\/wp-json\/wp\/v2\/types\/page"}],"author":[{"embeddable":true,"href":"https:\/\/limitierung.at\/index.php\/wp-json\/wp\/v2\/users\/1"}],"replies":[{"embeddable":true,"href":"https:\/\/limitierung.at\/index.php\/wp-json\/wp\/v2\/comments?post=35"}],"version-history":[{"count":3,"href":"https:\/\/limitierung.at\/index.php\/wp-json\/wp\/v2\/pages\/35\/revisions"}],"predecessor-version":[{"id":109,"href":"https:\/\/limitierung.at\/index.php\/wp-json\/wp\/v2\/pages\/35\/revisions\/109"}],"wp:attachment":[{"href":"https:\/\/limitierung.at\/index.php\/wp-json\/wp\/v2\/media?parent=35"}],"curies":[{"name":"wp","href":"https:\/\/api.w.org\/{rel}","templated":true}]}}