{"id":39,"date":"2020-07-19T08:55:15","date_gmt":"2020-07-19T08:55:15","guid":{"rendered":"https:\/\/limitierung.at\/?page_id=39"},"modified":"2020-07-19T09:16:28","modified_gmt":"2020-07-19T09:16:28","slug":"beamer","status":"publish","type":"page","link":"https:\/\/limitierung.at\/index.php\/beamer\/","title":{"rendered":"Beamer"},"content":{"rendered":"\n<h2 class=\"wp-block-heading\">Beamerverleih in Wien und St. P\u00f6lten!<\/h2>\n\n\n\n<p>Mieten Sie aus unserem Verleih passende Beamer f\u00fcr Ihre Veranstaltung! Direkt ab Lager in Wien und St. P\u00f6lten. Ger\u00e4te von 2.000 ANSI Lumen bis 20.000 ANSI Lumen sind stets  verf\u00fcgbar. Beamer aus unserem Verleih in Wien mieten Sie abh\u00e4ngig vom geplanten Einsatzzweck: Projektion bei Seminaren und Events im Innenbereich oder drau\u00dfen? Open Air Sommerkino oder Fu\u00dfball\u00fcbertragung im Gastgarten?<\/p>\n\n\n\n<figure class=\"wp-block-image size-large\"><img loading=\"lazy\" decoding=\"async\" width=\"768\" height=\"501\" src=\"https:\/\/limitierung.at\/wp-content\/uploads\/2020\/07\/PT-DZ10k-768x501-1.jpg\" alt=\"\" class=\"wp-image-77\" srcset=\"https:\/\/limitierung.at\/wp-content\/uploads\/2020\/07\/PT-DZ10k-768x501-1.jpg 768w, https:\/\/limitierung.at\/wp-content\/uploads\/2020\/07\/PT-DZ10k-768x501-1-300x196.jpg 300w\" sizes=\"auto, (max-width: 706px) 89vw, (max-width: 767px) 82vw, 740px\" \/><\/figure>\n\n\n\n<h2 class=\"wp-block-heading\">Beamer mieten in Wien und St. P\u00f6lten. Bis zu 20.000 ANSI Lumen, Full HD!<\/h2>\n\n\n\n<p>Oft reicht auch schon ein kleiner Beamer aus unserem Verleih in Wien und St. P\u00f6lten f\u00fcr einfacher Aufgaben. Mieten Sie gro\u00dfe Beamer nur dann, wenn Sie die Leistung auch wirklich brauchen. In vielen F\u00e4llen ist n\u00e4mlich die Lichtleistung in ANSI-Lumen bei weitem nicht alles! In der Praxis macht das Zusammenspiel der f\u00fcr die Anwendung passenden Technik und der Lichtleistung erst das wirklich feine Bild. In unserem Verleih in Wien mieten Sie, je nach Bedarf, Single-Chip-DLP Beamer, 3-Chip-Ger\u00e4te, LCD-Projektoren und auch LCoS Beamer f\u00fcr spezielle Anwendungen. <\/p>\n\n\n\n<figure class=\"wp-block-image size-large\"><img loading=\"lazy\" decoding=\"async\" width=\"1024\" height=\"610\" src=\"https:\/\/limitierung.at\/wp-content\/uploads\/2020\/07\/LCD-Beamer-1024x610.jpg\" alt=\"\" class=\"wp-image-78\" srcset=\"https:\/\/limitierung.at\/wp-content\/uploads\/2020\/07\/LCD-Beamer-1024x610.jpg 1024w, https:\/\/limitierung.at\/wp-content\/uploads\/2020\/07\/LCD-Beamer-300x179.jpg 300w, https:\/\/limitierung.at\/wp-content\/uploads\/2020\/07\/LCD-Beamer-768x457.jpg 768w, https:\/\/limitierung.at\/wp-content\/uploads\/2020\/07\/LCD-Beamer.jpg 1500w\" sizes=\"auto, (max-width: 706px) 89vw, (max-width: 767px) 82vw, 740px\" \/><\/figure>\n\n\n\n<h2 class=\"wp-block-heading\">Beamer Verleih &#8211; in Wien und in St. P\u00f6lten!<\/h2>\n\n\n\n<p>Mieten Sie passende Beamer und Projektoren f\u00fcr Ihre Anwendung in Wien und St. P\u00f6lten aus unserem Verleih. Das ganze Sortiment finden Sie auf <a href=\"https:\/\/beamermieten.at\/\" target=\"_blank\" aria-label=\"undefined (opens in a new tab)\" rel=\"noreferrer noopener\">www.beamermieten.at!<\/a><\/p>\n","protected":false},"excerpt":{"rendered":"<p>Beamerverleih in Wien und St. P\u00f6lten! Mieten Sie aus unserem Verleih passende Beamer f\u00fcr Ihre Veranstaltung! Direkt ab Lager in Wien und St. P\u00f6lten. Ger\u00e4te von 2.000 ANSI Lumen bis 20.000 ANSI Lumen sind stets verf\u00fcgbar. Beamer aus unserem Verleih in Wien mieten Sie abh\u00e4ngig vom geplanten Einsatzzweck: Projektion bei Seminaren und Events im Innenbereich &hellip; <\/p>\n<p class=\"link-more\"><a href=\"https:\/\/limitierung.at\/index.php\/beamer\/\" class=\"more-link\">Continue reading<span class=\"screen-reader-text\"> &#8220;Beamer&#8221;<\/span><\/a><\/p>\n","protected":false},"author":1,"featured_media":0,"parent":0,"menu_order":0,"comment_status":"closed","ping_status":"closed","template":"","meta":{"footnotes":""},"class_list":["post-39","page","type-page","status-publish","hentry"],"aioseo_notices":[],"_links":{"self":[{"href":"https:\/\/limitierung.at\/index.php\/wp-json\/wp\/v2\/pages\/39","targetHints":{"allow":["GET"]}}],"collection":[{"href":"https:\/\/limitierung.at\/index.php\/wp-json\/wp\/v2\/pages"}],"about":[{"href":"https:\/\/limitierung.at\/index.php\/wp-json\/wp\/v2\/types\/page"}],"author":[{"embeddable":true,"href":"https:\/\/limitierung.at\/index.php\/wp-json\/wp\/v2\/users\/1"}],"replies":[{"embeddable":true,"href":"https:\/\/limitierung.at\/index.php\/wp-json\/wp\/v2\/comments?post=39"}],"version-history":[{"count":2,"href":"https:\/\/limitierung.at\/index.php\/wp-json\/wp\/v2\/pages\/39\/revisions"}],"predecessor-version":[{"id":79,"href":"https:\/\/limitierung.at\/index.php\/wp-json\/wp\/v2\/pages\/39\/revisions\/79"}],"wp:attachment":[{"href":"https:\/\/limitierung.at\/index.php\/wp-json\/wp\/v2\/media?parent=39"}],"curies":[{"name":"wp","href":"https:\/\/api.w.org\/{rel}","templated":true}]}}

<h2 class="wp-block-heading">Beamerverleih in Wien und St. Pölten!</h2>



<p>Mieten Sie aus unserem Verleih passende Beamer für Ihre Veranstaltung! Direkt ab Lager in Wien und St. Pölten. Geräte von 2.000 ANSI Lumen bis 20.000 ANSI Lumen sind stets  verfügbar. Beamer aus unserem Verleih in Wien mieten Sie abhängig vom geplanten Einsatzzweck: Projektion bei Seminaren und Events im Innenbereich oder draußen? Open Air Sommerkino oder Fußballübertragung im Gastgarten?</p>



<figure class="wp-block-image size-large"><img loading="lazy" decoding="async" width="768" height="501" src="https://limitierung.at/wp-content/uploads/2020/07/PT-DZ10k-768x501-1.jpg" alt="" class="wp-image-77" srcset="https://limitierung.at/wp-content/uploads/2020/07/PT-DZ10k-768x501-1.jpg 768w, https://limitierung.at/wp-content/uploads/2020/07/PT-DZ10k-768x501-1-300x196.jpg 300w" sizes="auto, (max-width: 706px) 89vw, (max-width: 767px) 82vw, 740px" /></figure>



<h2 class="wp-block-heading">Beamer mieten in Wien und St. Pölten. Bis zu 20.000 ANSI Lumen, Full HD!</h2>



<p>Oft reicht auch schon ein kleiner Beamer aus unserem Verleih in Wien und St. Pölten für einfacher Aufgaben. Mieten Sie große Beamer nur dann, wenn Sie die Leistung auch wirklich brauchen. In vielen Fällen ist nämlich die Lichtleistung in ANSI-Lumen bei weitem nicht alles! In der Praxis macht das Zusammenspiel der für die Anwendung passenden Technik und der Lichtleistung erst das wirklich feine Bild. In unserem Verleih in Wien mieten Sie, je nach Bedarf, Single-Chip-DLP Beamer, 3-Chip-Geräte, LCD-Projektoren und auch LCoS Beamer für spezielle Anwendungen. </p>



<figure class="wp-block-image size-large"><img loading="lazy" decoding="async" width="1024" height="610" src="https://limitierung.at/wp-content/uploads/2020/07/LCD-Beamer-1024x610.jpg" alt="" class="wp-image-78" srcset="https://limitierung.at/wp-content/uploads/2020/07/LCD-Beamer-1024x610.jpg 1024w, https://limitierung.at/wp-content/uploads/2020/07/LCD-Beamer-300x179.jpg 300w, https://limitierung.at/wp-content/uploads/2020/07/LCD-Beamer-768x457.jpg 768w, https://limitierung.at/wp-content/uploads/2020/07/LCD-Beamer.jpg 1500w" sizes="auto, (max-width: 706px) 89vw, (max-width: 767px) 82vw, 740px" /></figure>



<h2 class="wp-block-heading">Beamer Verleih &#8211; in Wien und in St. Pölten!</h2>



<p>Mieten Sie passende Beamer und Projektoren für Ihre Anwendung in Wien und St. Pölten aus unserem Verleih. Das ganze Sortiment finden Sie auf <a href="https://beamermieten.at/" target="_blank" aria-label="undefined (opens in a new tab)" rel="noreferrer noopener">www.beamermieten.at!</a></p>

<p>Beamerverleih in Wien und St. Pölten! Mieten Sie aus unserem Verleih passende Beamer für Ihre Veranstaltung! Direkt ab Lager in Wien und St. Pölten. Geräte von 2.000 ANSI Lumen bis 20.000 ANSI Lumen sind stets verfügbar. Beamer aus unserem Verleih in Wien mieten Sie abhängig vom geplanten Einsatzzweck: Projektion bei Seminaren und Events im Innenbereich &hellip; </p>
<p class="link-more"><a href="https://limitierung.at/index.php/beamer/" class="more-link">Continue reading<span class="screen-reader-text"> &#8220;Beamer&#8221;</span></a></p>
