{"id":41,"date":"2020-07-19T08:55:15","date_gmt":"2020-07-19T08:55:15","guid":{"rendered":"https:\/\/limitierung.at\/?page_id=41"},"modified":"2020-08-24T15:26:26","modified_gmt":"2020-08-24T15:26:26","slug":"tonanlagen","status":"publish","type":"page","link":"https:\/\/limitierung.at\/index.php\/tonanlagen\/","title":{"rendered":"Tonanlagen"},"content":{"rendered":"\n<h2 class=\"wp-block-heading\">Verleih in Wien und St. P\u00f6lten: Tonanlage mieten!<\/h2>\n\n\n\n<p>Mieten Sie bei uns passend f\u00fcr Ihre Veranstaltung eine Tonanlage. In unserem Verleih mieten Sie sowohl mobile Akkuboxen, wie auch herk\u00f6mmliche Aktivlautsprecher und ausgewachsene Tonanlagen f\u00fcr gr\u00f6\u00dfere Veranstaltungen. Das gesamt Sortiment inklusive DJ-Equipment finden Sie unter <a href=\"http:\/\/djsetverleih.at\/\" target=\"_blank\" rel=\"noreferrer noopener\">www.djsetverleih.at<\/a>. Beamer, Leinw\u00e4nde, TV-Screens und sonstiges Multimediaequipment finden Sie auf <a href=\"http:\/\/beamermieten.at\/\">www.beamermieten.at<\/a> sowie auf www.<a href=\"http:\/\/leinwandmieten.at\/\">leinwandmieten<\/a>.at<\/p>\n\n\n\n<p>Beachten Sie, dass es in manchen F\u00e4llen notwendig ist, eine Tonanlage hinsichtlich der maximalen Wiedergabelautst\u00e4rke an beh\u00f6rdliche Vorgaben anzupassen.<\/p>\n\n\n\n<figure class=\"wp-block-image size-large\"><img loading=\"lazy\" decoding=\"async\" width=\"1024\" height=\"683\" src=\"https:\/\/limitierung.at\/wp-content\/uploads\/2020\/08\/IMG_20200824_1259541-1024x683.jpg\" alt=\"\" class=\"wp-image-98\" srcset=\"https:\/\/limitierung.at\/wp-content\/uploads\/2020\/08\/IMG_20200824_1259541-1024x683.jpg 1024w, https:\/\/limitierung.at\/wp-content\/uploads\/2020\/08\/IMG_20200824_1259541-300x200.jpg 300w, https:\/\/limitierung.at\/wp-content\/uploads\/2020\/08\/IMG_20200824_1259541-768x512.jpg 768w, https:\/\/limitierung.at\/wp-content\/uploads\/2020\/08\/IMG_20200824_1259541-1536x1024.jpg 1536w, https:\/\/limitierung.at\/wp-content\/uploads\/2020\/08\/IMG_20200824_1259541.jpg 1600w\" sizes=\"auto, (max-width: 706px) 89vw, (max-width: 767px) 82vw, 740px\" \/><\/figure>\n\n\n\n<h2 class=\"wp-block-heading\">Plombieren und Limitieren von Tonanlagen &#8211; Wien und St. P\u00f6lten<\/h2>\n\n\n\n<p>Immer h\u00e4ufiger kommt es beispielsweise bei Streetparades (Regenbogenparade etc., &#8230;) vor, dass Tonanlagen limitiert und plombiert werden m\u00fcssen. Bei limitierung.at bzw. djsetverleih.at erhalten Sie alles aus einer Hand: Mieten Sie in Wien und St. P\u00f6lten Tonanlagen samt Limitierung und Plombierung f\u00fcr einen ordnungsgem\u00e4\u00dfen Betrieb.<\/p>\n","protected":false},"excerpt":{"rendered":"<p>Verleih in Wien und St. P\u00f6lten: Tonanlage mieten! Mieten Sie bei uns passend f\u00fcr Ihre Veranstaltung eine Tonanlage. In unserem Verleih mieten Sie sowohl mobile Akkuboxen, wie auch herk\u00f6mmliche Aktivlautsprecher und ausgewachsene Tonanlagen f\u00fcr gr\u00f6\u00dfere Veranstaltungen. Das gesamt Sortiment inklusive DJ-Equipment finden Sie unter www.djsetverleih.at. Beamer, Leinw\u00e4nde, TV-Screens und sonstiges Multimediaequipment finden Sie auf www.beamermieten.at &hellip; <\/p>\n<p class=\"link-more\"><a href=\"https:\/\/limitierung.at\/index.php\/tonanlagen\/\" class=\"more-link\">Continue reading<span class=\"screen-reader-text\"> &#8220;Tonanlagen&#8221;<\/span><\/a><\/p>\n","protected":false},"author":1,"featured_media":0,"parent":0,"menu_order":0,"comment_status":"closed","ping_status":"closed","template":"","meta":{"footnotes":""},"class_list":["post-41","page","type-page","status-publish","hentry"],"aioseo_notices":[],"_links":{"self":[{"href":"https:\/\/limitierung.at\/index.php\/wp-json\/wp\/v2\/pages\/41","targetHints":{"allow":["GET"]}}],"collection":[{"href":"https:\/\/limitierung.at\/index.php\/wp-json\/wp\/v2\/pages"}],"about":[{"href":"https:\/\/limitierung.at\/index.php\/wp-json\/wp\/v2\/types\/page"}],"author":[{"embeddable":true,"href":"https:\/\/limitierung.at\/index.php\/wp-json\/wp\/v2\/users\/1"}],"replies":[{"embeddable":true,"href":"https:\/\/limitierung.at\/index.php\/wp-json\/wp\/v2\/comments?post=41"}],"version-history":[{"count":2,"href":"https:\/\/limitierung.at\/index.php\/wp-json\/wp\/v2\/pages\/41\/revisions"}],"predecessor-version":[{"id":99,"href":"https:\/\/limitierung.at\/index.php\/wp-json\/wp\/v2\/pages\/41\/revisions\/99"}],"wp:attachment":[{"href":"https:\/\/limitierung.at\/index.php\/wp-json\/wp\/v2\/media?parent=41"}],"curies":[{"name":"wp","href":"https:\/\/api.w.org\/{rel}","templated":true}]}}