{"id":42,"date":"2020-07-19T08:55:16","date_gmt":"2020-07-19T08:55:16","guid":{"rendered":"https:\/\/limitierung.at\/?page_id=42"},"modified":"2020-08-25T11:16:51","modified_gmt":"2020-08-25T11:16:51","slug":"mikrofone","status":"publish","type":"page","link":"https:\/\/limitierung.at\/index.php\/mikrofone\/","title":{"rendered":"Mikrofone"},"content":{"rendered":"\n<h2 class=\"wp-block-heading\">Funkmikrofon? Messmikrofon? Mieten Sie Mikrofone aus unserem Verleih in Wien und St. P\u00f6lten. <\/h2>\n\n\n\n<p>In unserem Verleih in Wien und St. P\u00f6lten mieten Sie praktische Funkmikrofone f\u00fcr B\u00fchne und Moderation. Mieten Sie bei uns in Wien und St. P\u00f6lten Funkmikrofone des namhaften Herstellers Sennheiser in den Serien EW100G3 sowie EW300G3.<\/p>\n\n\n\n<p>In unserem Verleih in Wien und St. P\u00f6lten mieten Sie sowohl klassische Handsender-Mikrofone wie auch Ansteckmikrofone (Krawattenmikrofone) oder Headsets von DPA.<\/p>\n\n\n\n<figure class=\"wp-block-image size-large\"><img loading=\"lazy\" decoding=\"async\" width=\"1024\" height=\"545\" src=\"https:\/\/limitierung.at\/wp-content\/uploads\/2020\/08\/SennheiserEW300b-1024x545-1.jpg\" alt=\"\" class=\"wp-image-134\" srcset=\"https:\/\/limitierung.at\/wp-content\/uploads\/2020\/08\/SennheiserEW300b-1024x545-1.jpg 1024w, https:\/\/limitierung.at\/wp-content\/uploads\/2020\/08\/SennheiserEW300b-1024x545-1-300x160.jpg 300w, https:\/\/limitierung.at\/wp-content\/uploads\/2020\/08\/SennheiserEW300b-1024x545-1-768x409.jpg 768w\" sizes=\"auto, (max-width: 706px) 89vw, (max-width: 767px) 82vw, 740px\" \/><figcaption>Funkmikrofone: Sennheiser EW300G3 mit E865-Kapsel f\u00fcr optimale Sprachwiedergabe<\/figcaption><\/figure>\n\n\n\n<h2 class=\"wp-block-heading\">Messmikrofon Verleih. Mieten Sie Messmikrofone in Wien und St. P\u00f6lten!<\/h2>\n\n\n\n<p>Au\u00dferdem mieten Sie aus unserem Verleih in Wien und St. P\u00f6lten geeichte Klasse-1 Messmikrofone f\u00fcr Messinstrumente der Hersteller Norsonics sowie NTI Audio. Im Vergleich zu einfacheren Klasse-2 Mikrofonen sind jene der Klasse-1 f\u00fcr die meisten Messungen im rechtsverbindlichen Anwendungsbereich zugelassen. Nur mit einem derartigen Mikrofon in Kombination mit einem dementsprechenden Messger\u00e4t d\u00fcrfen in Wien beispielsweise Messungen zu Limitierungen und Plombierungen von Tonanlage durchgef\u00fchrt werden.<\/p>\n\n\n\n<figure class=\"wp-block-image size-large is-resized\"><img loading=\"lazy\" decoding=\"async\" src=\"https:\/\/limitierung.at\/wp-content\/uploads\/2020\/08\/IMG_20200715_1701203-1024x683.jpg\" alt=\"\" class=\"wp-image-104\" width=\"674\" height=\"449\" srcset=\"https:\/\/limitierung.at\/wp-content\/uploads\/2020\/08\/IMG_20200715_1701203-1024x683.jpg 1024w, https:\/\/limitierung.at\/wp-content\/uploads\/2020\/08\/IMG_20200715_1701203-300x200.jpg 300w, https:\/\/limitierung.at\/wp-content\/uploads\/2020\/08\/IMG_20200715_1701203-768x512.jpg 768w, https:\/\/limitierung.at\/wp-content\/uploads\/2020\/08\/IMG_20200715_1701203-1536x1024.jpg 1536w, https:\/\/limitierung.at\/wp-content\/uploads\/2020\/08\/IMG_20200715_1701203.jpg 1600w\" sizes=\"auto, (max-width: 674px) 100vw, 674px\" \/><figcaption>Geeichte Messger\u00e4te f\u00fcr akkurate Messungen im rechtsverbindlichen Protokoll.<\/figcaption><\/figure>\n","protected":false},"excerpt":{"rendered":"<p>Funkmikrofon? Messmikrofon? Mieten Sie Mikrofone aus unserem Verleih in Wien und St. P\u00f6lten. In unserem Verleih in Wien und St. P\u00f6lten mieten Sie praktische Funkmikrofone f\u00fcr B\u00fchne und Moderation. Mieten Sie bei uns in Wien und St. P\u00f6lten Funkmikrofone des namhaften Herstellers Sennheiser in den Serien EW100G3 sowie EW300G3. In unserem Verleih in Wien und &hellip; <\/p>\n<p class=\"link-more\"><a href=\"https:\/\/limitierung.at\/index.php\/mikrofone\/\" class=\"more-link\">Continue reading<span class=\"screen-reader-text\"> &#8220;Mikrofone&#8221;<\/span><\/a><\/p>\n","protected":false},"author":1,"featured_media":0,"parent":0,"menu_order":0,"comment_status":"closed","ping_status":"closed","template":"","meta":{"footnotes":""},"class_list":["post-42","page","type-page","status-publish","hentry"],"aioseo_notices":[],"_links":{"self":[{"href":"https:\/\/limitierung.at\/index.php\/wp-json\/wp\/v2\/pages\/42","targetHints":{"allow":["GET"]}}],"collection":[{"href":"https:\/\/limitierung.at\/index.php\/wp-json\/wp\/v2\/pages"}],"about":[{"href":"https:\/\/limitierung.at\/index.php\/wp-json\/wp\/v2\/types\/page"}],"author":[{"embeddable":true,"href":"https:\/\/limitierung.at\/index.php\/wp-json\/wp\/v2\/users\/1"}],"replies":[{"embeddable":true,"href":"https:\/\/limitierung.at\/index.php\/wp-json\/wp\/v2\/comments?post=42"}],"version-history":[{"count":3,"href":"https:\/\/limitierung.at\/index.php\/wp-json\/wp\/v2\/pages\/42\/revisions"}],"predecessor-version":[{"id":135,"href":"https:\/\/limitierung.at\/index.php\/wp-json\/wp\/v2\/pages\/42\/revisions\/135"}],"wp:attachment":[{"href":"https:\/\/limitierung.at\/index.php\/wp-json\/wp\/v2\/media?parent=42"}],"curies":[{"name":"wp","href":"https:\/\/api.w.org\/{rel}","templated":true}]}}